 -2?
-112
In base 5, what is 43 - 404?
-311
In base 10, what is -5 + -1029?
-1034
In base 7, what is -2311 + -2?
-2313
In base 6, what is 13 - 4?
5
In base 6, what is -154 - 5?
-203
In base 9, what is 15674 + 4?
15678
In base 13, what is -72 - -4?
-6b
In base 14, what is -3 + -1d?
-22
In base 9, what is 1641 - -5?
1646
In base 10, what is -5 - 873?
-878
In base 6, what is -43 + 405?
322
In base 7, what is 1 - -23?
24
In base 11, what is 15 - -162?
177
In base 2, what is -10110010001100 - -101?
-10110010000111
In base 16, what is -12 - -17?
5
In base 15, what is 3 + 35?
38
In base 13, what is -4 - -1214?
1210
In base 11, what is 10 + -62?
-52
In base 11, what is 223 + -3?
220
In base 15, what is -29 - -c?
-1c
In base 5, what is -1 + 1221?
1220
In base 6, what is 50 - 10?
40
In base 7, what is 112 + 4?
116
In base 4, what is -1 - -1303?
1302
In base 2, what is -101 - -11101?
11000
In base 11, what is 5 + 75?
7a
In base 2, what is -1011 + 10000001?
1110110
In base 2, what is -11 + 100011001?
100010110
In base 4, what is 3133 + 3?
3202
In base 8, what is -162 - -5?
-155
In base 16, what is 4 - -12e?
132
In base 5, what is -30 - -32?
2
In base 16, what is -11da + -4?
-11de
In base 9, what is 67 + 26?
104
In base 16, what is 3e + 19?
57
In base 2, what is 101 - 11001100000?
-11001011011
In base 12, what is -900 + 1?
-8bb
In base 10, what is 5 + -889?
-884
In base 10, what is -6 - -1?
-5
In base 7, what is -1413 + -16?
-1432
In base 12, what is -7 - -3a?
33
In base 11, what is -2032 - 3?
-2035
In base 12, what is -115 + 0?
-115
In base 13, what is -774 + -3?
-777
In base 7, what is 11526 + 1?
11530
In base 4, what is 3212 - -2?
3220
In base 13, what is 3 + -483?
-480
In base 6, what is 23 + -1102?
-1035
In base 6, what is -3 + -1000?
-1003
In base 7, what is 1 + -20?
-16
In base 12, what is 2 - -5?
7
In base 9, what is -2 + -57?
-60
In base 9, what is 47 + 10?
57
In base 7, what is 5 - 1314?
-1306
In base 9, what is 110 + 3?
113
In base 2, what is -100111 + -11001100?
-11110011
In base 8, what is -7 - -54?
45
In base 10, what is -73 + -5?
-78
In base 10, what is -5 - 495?
-500
In base 9, what is 217 - 4?
213
In base 13, what is 2 + -c94?
-c92
In base 11, what is 4a - 144?
-a5
In base 7, what is 3524 + -15?
3506
In base 13, what is 68 - -5c?
c7
In base 2, what is 11 - -1001010?
1001101
In base 6, what is -10 + 0?
-10
In base 7, what is 3 + 1020?
1023
In base 4, what is -230 + 1112?
222
In base 10, what is 22459 + -1?
22458
In base 13, what is 408 - -2?
40a
In base 2, what is 1010 - -111111000?
1000000010
In base 4, what is -130301 - 11?
-130312
In base 10, what is -4 + 978?
974
In base 2, what is 10000001001 + -1?
10000001000
In base 6, what is 103 + -12?
51
In base 16, what is -87 - d?
-94
In base 13, what is -18 + -2?
-1a
In base 7, what is 4 + -636?
-632
In base 7, what is 61 - -202?
263
In base 15, what is 5c + -1?
5b
In base 14, what is 4 + 9?
d
In base 6, what is 2355 - -4?
2403
In base 8, what is -5 + -417?
-424
In base 14, what is -970 + -7?
-977
In base 6, what is 203 - 0?
203
In base 13, what is 1 - 76?
-75
In base 8, what is 7612 + 0?
7612
In base 13, what is 3 - 42?
-3c
In base 16, what is 80 - -12?
92
In base 5, what is 2 - 102?
-100
In base 4, what is -31030 + -13?
-31103
In base 16, what is -1 + -172f?
-1730
In base 4, what is 330 + -30?
300
In base 3, what is -20210022 - -2?
-20210020
In base 10, what is -17 + 7?
-10
In base 5, what is 20 + 23?
43
In base 15, what is e3 - 0?
e3
In base 6, what is -40 + -10?
-50
In base 13, what is -2 + 34?
32
In base 14, what is -24 - -7?
-1b
In base 10, what is -69 + 18?
-51
In base 13, what is -1 + 3?
2
In base 16, what is -4f - -22?
-2d
In base 3, what is -12201 - 21?
-12222
In base 6, what is 143 + -201?
-14
In base 6, what is 201 + 11?
212
In base 2, what is 100001000110000 + -101?
100001000101011
In base 7, what is -1066 + 4?
-1062
In base 3, what is -12 - 202?
-221
In base 3, what is -10 + -2102201?
-2102211
In base 14, what is 0 - -273?
273
In base 2, what is 1110110 - 110101?
1000001
In base 7, what is -4 - -2?
-2
In base 3, what is 2 + 100101?
100110
In base 7, what is -336 + 5?
-331
In base 6, what is -511 - 12?
-523
In base 11, what is 7 + -271?
-265
In base 10, what is 370 - -4?
374
In base 5, what is -212 - 13?
-230
In base 4, what is 32301 + 3?
32310
In base 4, what is 3110 - -120?
3230
In base 11, what is -3 - 9a5?
-9a8
In base 9, what is 11 - 3?
7
In base 2, what is 101 - -110010?
110111
In base 6, what is -14 + 22?
4
In base 15, what is 109 - -1?
10a
In base 15, what is -c0 - -4?
-bb
In base 2, what is -111100 + 11?
-111001
In base 5, what is -31 + 1?
-30
In base 14, what is 2 + -28?
-26
In base 6, what is -51 + 4?
-43
In base 9, what is -1 + -167?
-168
In base 7, what is 1000 - 0?
1000
In base 13, what is -4 - 1a?
-21
In base 15, what is 0 - -27?
27
In base 12, what is 670 + 5?
675
In base 12, what is 6 - 110?
-106
In base 2, what is 11000 + 1010?
100010
In base 6, what is 514 + 0?
514
In base 8, what is -10 + -307?
-317
In base 15, what is -46d4 - -3?
-46d1
In base 13, what is -17 - -9?
-b
In base 8, what is 50 + -422?
-352
In base 6, what is -414 - -3?
-411
In base 15, what is -76 + -1?
-77
In base 3, what is -200012 - -1?
-200011
In base 5, what is -1 - 310?
-311
In base 4, what is 233113 - -3?
233122
In base 15, what is -9 - 108?
-112
In base 11, what is 317 - 3?
314
In base 10, what is 35 + -157?
-122
In base 15, what is 10 + -36d?
-35d
In base 8, what is 17 - -21?
40
In base 14, what is -14cb + 0?
-14cb
In base 9, what is -25 + -3?
-28
In base 10, what is 42 - 19?
23
In base 12, what is 1047 + 2?
1049
In base 11, what is -10 + -a?
-1a
In base 12, what is 0 - 34?
-34
In base 11, what is 23 + 8?
30
In base 2, what is -10 + 1010?
1000
In base 12, what is 5 - -54?
59
In base 9, what is -3 - -2354?
2351
In base 7, what is -333 + -12?
-345
In base 15, what is -1 + -26?
-27
In base 9, what is -3 + -62?
-65
In base 7, what is -2550 + 3?
-2544
In base 8, what is -6402 + 3?
-6377
In base 14, what is 190 + -1c?
172
In base 2, what is -100111000 + -101?
-100111101
In base 6, what is 1 - 12233?
-12232
In base 13, what is 1b - 17?
4
In base 12, what is -5 + -111?
-116
In base 16, what is -112 - -c?
-106
In base 9, what is -18 - -26?
7
In base 10, what is 4 - -2638?
2642
In base 3, what is -11121 + -12?
-11210
In base 7, what is 1 - 2362?
-2361
In base 11, what is -21145 - 5?
-2114a
In base 2, what is 10001110 - 10?
10001100
In base 9, what is 818 + 14?
833
In base 13, what is 14c7 + 6?
1500
In base 6, what is 101 + -22?
35
In base 5, what is 3312 - -3?
3320
In base 6, what is -30 - 115?
-145
In base 9, what is 3 + -424?
-421
In base 14, what is -c7 + -1?
-c8
In base 2, what is -1001 + -10111?
-100000
In base 16, what is 1 + -38?
-37
In base 9, what is -222 - -5?
-216
In base 2, what is 0 + -1110?
-1110
In base 16, what is -5 - 1ab?
-1b0
In base 6, what is -302 - -21?
-241
In base 6, what is -11 + 3?
-4
In base 4, what is 31 - 22130?
-22033
In base 10, what is -2294 + 5?
-2289
In base 4, what is -11 + 3100?
3023
In base 12, what is 5 - 5?
0
In base 14, what is -3 + 33?
30
In base 12, what is -49b9 + -3?
-4a00
In base 9, what is 5 + -476?
-471
In base 12, what is 361 + 12?
373
In base 15, what is -3 + bd?
ba
In base 4, what is -2011 - 121?
-2132
In base 8, what is 7 + -227?
-220
In base 12, what is -811 - 4?
-815
In base 12, what is -7 + 12?
7
In base 14, what is 3a + 1a?
56
In base 9, what is -2 - 31?
-33
In base 5, what is 13 - 2140?
-2122
In base 12, what is 4 - -62?
66
In base 8, what is 10021 + 2?
10023
In base 6, what is -51 + -133?
-224
In base 8, what is 2031 + 5?
2036
In base 12, what is -6b + -9?
-78
In base 13, what is 13b4 - -2?
13b6
In base 11, what is -21 - 1a?
-40
In base 16, what is e3 - 0?
e3
In base 11, what is -80 + -2?
-82
In base 2, what is 110110 + 1100011?
10011001
In base 4, what is 3 + -1202?
-1133
In base 2, what is -100 - -110000?
101100
In base 4, what is 312322 - -10?
312332
In base 5, what is 2211 - 3?
2203
In base 12, what is 364 - -3?
367
In base 2, what is -110010111 + 0?
-110010111
In base 4, what is 2 + -1?
1
In base 10, what is -1 + 183?
182
In base 16, what is 7 + d9?
e0
In base 16, what is -a5 + c?
-99
In base 4, what is -232 - 10110?
-11002
In base 1